 base 7.
0
Convert 1203 (base 4) to base 11.
90
What is -40 (base 8) in base 11?
-2a
Convert -11 (base 11) to base 14.
-c
Convert -15 (base 7) to base 13.
-c
-35 (base 7) to base 6
-42
What is -21 (base 4) in base 16?
-9
What is -140 (base 5) in base 13?
-36
Convert 1 (base 11) to base 16.
1
-1a (base 14) to base 7
-33
Convert 130 (base 6) to base 16.
36
-22 (base 4) to base 6
-14
Convert -165 (base 7) to base 3.
-10120
-11 (base 4) to base 9
-5
Convert -4 (base 10) to base 8.
-4
-39 (base 15) to base 7
-105
What is 32 (base 9) in base 2?
11101
202 (base 4) to base 14
26
What is -5 (base 16) in base 10?
-5
What is -2 (base 10) in base 4?
-2
-14 (base 13) to base 4
-101
7 (base 14) to base 13
7
f6 (base 16) to base 11
204
20 (base 3) to base 7
6
What is -134 (base 5) in base 14?
-32
4 (base 14) to base 7
4
Convert -17 (base 8) to base 11.
-14
What is -3 (base 11) in base 16?
-3
Convert -48 (base 9) to base 2.
-101100
-1 (base 13) to base 16
-1
Convert -6 (base 12) to base 6.
-10
What is 52 (base 10) in base 4?
310
What is -4 (base 5) in base 6?
-4
What is -11 (base 3) in base 15?
-4
Convert 30 (base 11) to base 16.
21
Convert 3 (base 16) to base 6.
3
Convert -194 (base 12) to base 2.
-100000000
Convert -1210 (base 4) to base 6.
-244
Convert f3 (base 16) to base 15.
113
What is 35 (base 6) in base 13?
1a
Convert 1 (base 13) to base 9.
1
Convert 3 (base 7) to base 6.
3
Convert -5 (base 11) to base 16.
-5
-7 (base 11) to base 9
-7
What is -1110 (base 2) in base 10?
-14
What is 1 (base 6) in base 13?
1
What is 120 (base 5) in base 11?
32
-30 (base 6) to base 7
-24
What is 13 (base 10) in base 5?
23
4 (base 7) to base 8
4
Convert 0 (base 8) to base 9.
0
What is 3 (base 4) in base 15?
3
Convert 404 (base 5) to base 10.
104
135 (base 6) to base 7
113
28 (base 13) to base 16
22
What is -11 (base 4) in base 2?
-101
Convert -3 (base 9) to base 5.
-3
What is 13 (base 5) in base 3?
22
Convert -14 (base 8) to base 12.
-10
Convert 3 (base 7) to base 8.
3
50 (base 11) to base 6
131
1 (base 11) to base 4
1
What is 18 (base 12) in base 16?
14
0 (base 7) to base 11
0
Convert 11 (base 6) to base 3.
21
What is -54 (base 13) in base 4?
-1011
Convert 112 (base 8) to base 5.
244
6 (base 8) to base 3
20
Convert -45 (base 7) to base 6.
-53
Convert -161 (base 7) to base 12.
-78
-4 (base 16) to base 8
-4
Convert 10 (base 13) to base 4.
31
Convert -12101 (base 3) to base 9.
-171
Convert 1ba (base 13) to base 15.
167
What is -11 (base 7) in base 15?
-8
Convert -10 (base 2) to base 16.
-2
312 (base 5) to base 3
10001
What is 11 (base 3) in base 5?
4
-121 (base 12) to base 9
-207
0 (base 4) to base 12
0
Convert -3 (base 15) to base 4.
-3
Convert 0 (base 8) to base 9.
0
What is 6 (base 9) in base 13?
6
Convert 61 (base 11) to base 3.
2111
What is 61 (base 15) in base 5?
331
What is -16 (base 9) in base 12?
-13
Convert 11 (base 8) to base 13.
9
Convert -119 (base 10) to base 15.
-7e
-208 (base 9) to base 16
-aa
What is 210 (base 4) in base 11?
33
What is 11 (base 5) in base 11?
6
Convert -6 (base 14) to base 7.
-6
-184 (base 12) to base 13
-15a
Convert 3 (base 16) to base 8.
3
213 (base 11) to base 4
10000
Convert -2 (base 16) to base 13.
-2
What is -24 (base 13) in base 16?
-1e
-34 (base 16) to base 4
-310
Convert 22 (base 12) to base 3.
222
What is 110 (base 4) in base 5?
40
-9 (base 11) to base 14
-9
Convert 0 (base 9) to base 8.
0
Convert 20 (base 7) to base 6.
22
What is -520 (base 6) in base 12?
-140
Convert 40 (base 12) to base 9.
53
Convert -1 (base 12) to base 13.
-1
What is 0 (base 6) in base 4?
0
101 (base 2) to base 10
5
What is -4 (base 5) in base 11?
-4
Convert -22 (base 11) to base 6.
-40
13 (base 4) to base 11
7
What is -11 (base 10) in base 13?
-b
What is -c (base 15) in base 10?
-12
What is 32 (base 5) in base 3?
122
Convert -3 (base 16) to base 2.
-11
-30 (base 10) to base 9
-33
What is 36 (base 12) in base 8?
52
What is 6b (base 15) in base 16?
65
322 (base 4) to base 2
111010
Convert 1010 (base 2) to base 3.
101
-4 (base 13) to base 4
-10
12c (base 15) to base 2
100001011
3 (base 16) to base 2
11
What is -3 (base 9) in base 3?
-10
-2 (base 4) to base 8
-2
a (base 14) to base 12
a
Convert 2 (base 10) to base 3.
2
9c (base 16) to base 14
b2
What is -4 (base 11) in base 10?
-4
Convert 3 (base 14) to base 4.
3
-4 (base 8) to base 9
-4
What is -3 (base 15) in base 12?
-3
What is 5 (base 11) in base 5?
10
-16 (base 10) to base 8
-20
Convert c9 (base 13) to base 2.
10100101
Convert -3 (base 12) to base 4.
-3
4 (base 16) to base 15
4
0 (base 3) to base 7
0
What is -1010 (base 2) in base 3?
-101
What is -5 (base 12) in base 9?
-5
What is 33 (base 8) in base 7?
36
1120 (base 3) to base 5
132
-4 (base 11) to base 3
-11
Convert 86 (base 16) to base 4.
2012
b (base 14) to base 2
1011
Convert -1101 (base 3) to base 13.
-2b
Convert -9 (base 12) to base 5.
-14
Convert -d (base 15) to base 16.
-d
Convert 7 (base 10) to base 9.
7
-199 (base 13) to base 2
-100100111
What is -10 (base 2) in base 10?
-2
Convert -55 (base 6) to base 16.
-23
What is 1 (base 12) in base 13?
1
What is 50 (base 8) in base 11?
37
Convert -1 (base 8) to base 15.
-1
3 (base 11) to base 8
3
-1 (base 13) to base 14
-1
What is -31 (base 12) in base 2?
-100101
168 (base 9) to base 12
bb
10 (base 4) to base 16
4
-58 (base 12) to base 14
-4c
30 (base 8) to base 9
26
Convert 1 (base 7) to base 2.
1
Convert 13 (base 15) to base 11.
17
What is 111 (base 3) in base 6?
21
Convert -17 (base 8) to base 6.
-23
Convert -1 (base 11) to base 5.
-1
-100 (base 3) to base 13
-9
What is 2 (base 14) in base 15?
2
12 (base 5) to base 11
7
What is 101 (base 2) in base 14?
5
Convert -3 (base 12) to base 11.
-3
-51 (base 6) to base 3
-1011
Convert 0 (base 6) to base 7.
0
-4 (base 6) to base 12
-4
-287 (base 12) to base 9
-474
Convert 8 (base 10) to base 9.
8
Convert -8 (base 10) to base 5.
-13
Convert -62 (base 9) to base 11.
-51
22 (base 11) to base 15
19
What is 4 (base 15) in base 4?
10
Convert -11 (base 3) to base 2.
-100
12 (base 5) to base 6
11
Convert 5 (base 11) to base 14.
5
What is -8 (base 15) in base 2?
-1000
What is -22 (base 13) in base 11?
-26
Convert 2 (base 13) to base 4.
2
Convert 10321 (base 4) to base 10.
313
-1121 (base 3) to base 14
-31
What is 33 (base 4) in base 9?
16
What is 50 (base 13) in base 15?
45
20 (base 4) to base 11
8
What is -b (base 16) in base 9?
-12
Convert -1 (base 16) to base 10.
-1
-14 (base 13) to base 7
-23
What is 1 (base 8) in base 5?
1
3 (base 10) to base 13
3
-10 (base 4) to base 5
-4
What is 1 (base 10) in base 3?
1
Convert 3 (base 8) to base 15.
3
Convert -122 (base 5) to base 11.
-34
What is 170 (base 8) in base 9?
143
What is 8 (base 16) in base 11?
8
What is -4 (base 16) in base 15?
-4
What is -332 (base 4) in base 7?
-116
What is -b (base 13) in base 8?
-13
1 (base 2) to base 7
1
-3 (base 16) to base 7
-3
-5 (base 11) to base 12
-5
2 (base 5) to base 11
2
Convert 1 (base 4) to base 7.
1
What is -33 (base 4) in base 10?
-15
-22111 (base 3) to base 8
-345
-32 (base 9) to base 2
-11101
What is 120 (base 3) in base 12?
13
What is -13 (base 4) in base 10?
-7
What is 100 (base 6) in base 9?
40
What is -12110 (base 3) in base 16?
-93
Convert -6d (base 14) to base 7.
-166
-56 (base 12) to base 3
-2110
29 (base 14) to base 6
101
What is -a (base 14) in base 7?
-13
What is 106 (base 12) in base 3?
12120
Convert 0 (base 8) to base 16.
0
12 (base 16) to base 15
13
34 (base 12) to base 3
1111
cb (base 13) to base 16
a7
What is -102 (base 3) in base 12?
-b
Convert 3 (base 16) to base 9.
3
What is -24 (base 8) in base 15?
-15
a (base 13) to base 11
a
11 (base 8) to base 15
9
Convert -2 (base 4) to base 14.
-2
-5 (base 7) to base 5
-10
-74 (base 9) to base 10
-67
-2000 (base 4) to base 5
-1003
What is 311 (base 6) in base 8?
163
-1 (base 7) to base 12
-1
-2 (base 12) to base 16
-2
-2 (base 15) to base 10
-2
Convert -4 (base 15) to base 12.
-4
-5 (base 8) to base 10
-5
Convert 23 (base 4) to base 6.
15
100 (base 2) to base 10
4
What is -10 (base 3) in base 11?
-3
Convert -2 (base 9) to base 7.
-2
What is 1 (base 12) in base 3?
1
227 (base 8) to base 16
97
Convert 25 (base 15) to base 5.
120
14 (base 10) to base 13
11
Convert 0 (base 6) to base 5.
0
What is -10 (base 8) in base 11?
-8
-4